Let m(t) be the first derivative of t**6/180 - t**5/8 + 5*t**4/6 + 5*t**3 + 7. Let y(a) be the third derivative of m(a). What is the tens digit of y(10)?
7
Let t(p) = -2*p**3 + 9*p**2 + 7*p - 8. Let f be t(5). Suppose 166 = x + 4*l, -292 = -5*x + f*l + 648. What is the units digit of x?
6
Let s(v) = 5*v**3 - 79*v**2 + 8*v + 34. What is the tens digit of s(16)?
1
Suppose -3*y + 5*w + 23101 = 0, -17*y - 5*w + 7667 = -16*y. What is the hundreds digit of y?
6
Let p be ((-9)/(-4))/(1/(-32)). Let h = -149 - p. Let i = h - -153. What is the units digit of i?
6
Let n(r) = 22*r**3 - 13*r**2 + 17*r + 31. What is the thousands digit of n(10)?
0
Let n = -83 + 82. Let w(f) = 3*f + f**2 - 1027*f**3 + 1 + 955*f**3 - 2*f. What is the units digit of w(n)?
3
Let o = -29 + 6. Let z = 203 + o. Suppose 5*p = 60 + z. What is the tens digit of p?
4
Let m be 0 + -55 + 5/(-40)*0. Let u be (-3)/15 + m/(-25). What is the units digit of (884/51)/(u/6)?
2
Let u(s) = -150*s**3 - 9*s**2 - 48*s - 120. What is the hundreds digit of u(-6)?
2
Suppose 0*f + t + 11731 = f, -2*f - 3*t + 23492 = 0. What is the hundreds digit of f?
7
What is the hundreds digit of 704 - 699 - ((-362302)/14 + (-4)/14)?
8
Suppose 2*o - 2*j - 6 = o, -4*j = 8. Let x be 0 + o - (-30)/15. Suppose 623 = x*m - 4*v - 165, 217 = m + 3*v. What is the tens digit of m?
0
Suppose 213*q - 880350 - 270988 + 290605 = 0. What is the units digit of q?
1
Let d(g) be the first derivative of -15*g - 16 + 25/2*g**2. What is the tens digit of d(6)?
3
Let u be ((-130)/(-91))/(1/1169). Let d = u + -1003. What is the hundreds digit of d?
6
Suppose -5*o + 60510 + 94170 = 7*o. What is the ten thousands digit of o?
1
Let o = -816 - -563. Let h = o + 923. What is the units digit of h?
0
Suppose -3*h + 2 = 17, -r = -4*h - 1562. Suppose -7*q + 10*q = r. What is the hundreds digit of q?
5
What is the thousands digit of (-46067)/(-2) - (((-102)/(-4))/(-17) - -2)?
3
Let t = 7601 - 5. What is the thousands digit of t?
7
Suppose 0 = -3*m + 30*h - 27*h - 3, -4*m + 17 = 3*h. Let g(u) = 54*u + 0 + 0 + 1. What is the units digit of g(m)?
9
Suppose 2*v - 204 = -5*d + 298, 3*d + v = 302. Let n = d - -65. What is the tens digit of n?
6
Let c be ((-4)/12)/((-2)/972). Let h = 204 - c. What is the tens digit of h?
4
Suppose -4*p = 12, -6*g + 2*g - 5*p = 7. Let r be (-80)/(-50)*65/g. What is the tens digit of (-3237)/r*(-8)/3?
6
Suppose 2*g = -3*s + 20974, 5*g - 52435 = 9*s + 5*s. What is the tens digit of g?
8
Let q = 10517 + 7875. What is the ten thousands digit of q?
1
Let l be (-14)/(-8)*264/(4 - 10). Let h = l - -122. Suppose -2*g = -3*g + h. What is the tens digit of g?
4
Let o = 141 - 139. Suppose -4*b - 182 - 106 = -o*h, 4*h + 2*b = 596. What is the tens digit of h?
4
Let a(h) = h**3 - 34*h**2 + 502*h - 14. What is the units digit of a(20)?
6
Let t = 7735 + -2720. What is the units digit of t?
5
Let p(w) be the second derivative of w**5/20 + 3*w**4/4 - 3*w**3 + 7*w**2/2 + 9*w. Let j be p(-11). What is the units digit of (j/(-3))/(392/48 + -8)?
4
Let b(c) = -c**2 - 29*c + 30. Let f be 2/(-10) - 1/(5/84). What is the tens digit of b(f)?
3
Suppose 2*i - 5*b + 669 = 5152, -5*i - 3*b + 11285 = 0. What is the hundreds digit of i?
2
Suppose -5*q = -17 - 28. Suppose 0 = q*i - 6604 + 1429. What is the tens digit of i?
7
Let s = 124 - -91. Let h = 303 - s. What is the units digit of h?
8
Let n(f) = 12*f + 38. Let r be n(-3). Let y(s) = 57*s + 1. What is the hundreds digit of y(r)?
1
Suppose -9 = -3*j + 6. Suppose -z + d + 223 = -2*z, 3*d = -j*z - 1113. Let m = -91 - z. What is the units digit of m?
1
Let o(p) = 5*p - 11. Let u be ((-4)/6)/((-5)/195). Suppose u - 16 = w. What is the units digit of o(w)?
9
Let w(f) = 536*f**2 - 202*f + 1138. What is the tens digit of w(6)?
2
Suppose -3*r = 2*u + 156, 2*r + 259 = -3*r - 3*u. Let i be r/(-30) + (-2)/3. What is the units digit of (-17 - -14)/(i/(-9))?
7
Let a be 36/(-84) - 41054/(-14). Suppose 0*t - t - a = -5*i, 2*i = 5*t + 1182. Suppose -5*q - 2*r + 604 = r, -5*q + 3*r = -i. What is the units digit of q?
9
Let r = 699 + -697. Suppose r*m + 11 = -5*g + 38, -2*m = g - 39. What is the units digit of m?
1
Let r = -24053 - -36744. What is the tens digit of r?
9
Let y(d) = 1176*d**3 - d**2 - 28*d + 67. What is the ten thousands digit of y(3)?
3
Suppose 49 = 6*c + 97. What is the hundreds digit of (-25897)/(-87) - c/6?
2
Let m(r) = -r**2 + 11*r + 23. Let w be m(12). Let u(b) = -b**3 + 16*b**2 - 22*b - 18. What is the units digit of u(w)?
5
Let o = -16 + 13. Let w(p) = -35*p**3 - 6*p**2 - 7*p - 7. Let b be w(o). Suppose 5*s + b = 5*h, 2*s - 264 + 804 = 3*h. What is the units digit of h?
8
Let u(m) = m**3 + 7*m**2 - 5*m - 12. Let o be u(-6). Suppose 0 = 2*d + 2*f - o, 4*f = 5*d - 0*d - 171. Let l = d - 26. What is the units digit of l?
5
Suppose 0 = -164*i + 184*i - 141060. What is the hundreds digit of i?
0
Let p(j) = -j**2 - 27*j + 224. Let m be p(-35). Let h = -93 + 172. Let l = h - m. What is the units digit of l?
5
Let l be -34 + (-2 - 4*-1)*-1. Let w = -31 - l. Suppose 0 = -w*r - 3*r + 656. What is the units digit of r?
2
Suppose 455709 + 499939 - 228586 = 98*r. What is the thousands digit of r?
7
Suppose -93 = -18*s + 3507. Let u = -137 + s. What is the tens digit of u?
6
Let h(a) = 2*a - 9*a**2 - 11 + 17*a**2 - 12 + 8*a**2. Let t be h(-7). Suppose 2*s + 838 = 4*j + 84, 5*s = -4*j + t. What is the units digit of j?
8
Suppose -32362 = -29*a + 26*a - n, -2*n - 10785 = -a. What is the tens digit of a?
8
Let z(f) = f**3 + 41*f**2 + 82*f + 407. What is the units digit of z(30)?
7
Let k(h) = h**2 + 33*h + 36. Let q be k(-32). Suppose 625 = j - 5*z, 0 = -j - q*z + 337 + 306. What is the units digit of j?
5
Let f be -4 + (6/(-2) - -33). Let x be (-20)/(-5) + f + -2. Suppose -33 = -x*h + 25*h. What is the units digit of h?
1
Let x(b) = 107*b**2 - 1. Let n be x(2). Let d be ((69190/15)/17)/(4/6). Suppose -d = -6*m + n. What is the tens digit of m?
3
Let i = -317 + 87. Let f = 504 + i. What is the units digit of f?
4
Let d = 120 + -102. What is the units digit of 1/((1/380)/(27/d))?
0
Suppose -22*a = -17*a. Suppose 2*o - 8 = -2*o. Suppose -o*b = -2*x - 39 - 65, a = -2*x. What is the units digit of b?
2
Let u = 122545 + -64606. What is the tens digit of u?
3
What is the thousands digit of ((-233934)/635)/((-1106)/(-370) + -3)?
4
What is the thousands digit of -5*(-26)/(-650)*(-3)/(12/1389340)?
9
Suppose 10 = 4*t - 2*o, 7*o - 35 = -4*t + 4*o. Suppose -t*z - 2*i + 16 = 0, -i = 2*z - 1 - 5. What is the units digit of z?
4
Let l = 9409 - 6880. What is the tens digit of l?
2
Suppose -3*f + 41319 - 5373 = 3*r, 0 = 4*f - r - 47948. What is the tens digit of f?
8
Suppose -19*m - 3150 = -5*m. Let c be -14 - m - (-1)/(-1). What is the units digit of c/(1/2*3)?
0
Let d(c) = -20*c - 5. Let k be d(-12). Let s = 383 - k. What is the units digit of s?
8
Suppose -8*m - 7*m - 45 = 0. What is the units digit of m*30/(-4 - -2)?
5
Let m be 5*((-255)/(-225) + (-4)/30). What is the units digit of (m/((-30)/64))/((-1)/3)?
2
Suppose -176*y + 461138 = -207310. What is the hundreds digit of y?
7
Suppose -3970 - 3471 = -7*c. What is the thousands digit of c?
1
Let t(q) = -2*q**3 + 17*q**2 - 8*q - 625. What is the ten thousands digit of t(-29)?
6
Let i(n) = -2*n**2 - 3*n + 1189. Let q(r) = r**3 + 4*r**2 + 8*r + 8. Let t be q(-2). What is the hundreds digit of i(t)?
1
Suppose a = -5*b + 755, -4*a + 9*a - 4*b = 3659. Suppose a = 2*m + 3*y - 0*y, -10 = 2*y. Suppose -24*z + m = -21*z. What is the tens digit of z?
2
Suppose -277 = -2*t - 5*a, t - 165 = -3*a - 28. Suppose 0 = -5*g + 7*g - t. Suppose 3*v = 2*i + g, 5*v + 5*i - 179 = -24. What is the units digit of v?
7
Let x be (6/8)/(12/64). Let z = 5 + x. What is the units digit of 149/(5/(z + -4))?
9
Let m(f) be the second derivative of -47*f**4/24 + 8*f**3/3 - 33*f**2/2 + 42*f. Let w(q) be the first derivative of m(q). What is the tens digit of w(-3)?
5
Suppose 0 = -14*z + 19*z - z - 16496. What is the thousands digit of z?
4
Suppose 36 = 3*r - 0*r. Suppose 14*j - r*j = -50. What is the tens digit of (-1 + 2 - 2)*j?
2
Suppose 244488 = 138*r - 207738. What is the hundreds digit of r?
2
Let o = 10 + -2. Let z(a) = 7*a**2 - a**3 - 7 - 2 + 4 - 7 + 13*a. What is the tens digit of z(o)?
2
Suppose 5